17
Let z be 3 - (-2 - 1) - 3. Suppose 2*i + 60 = z*l, -3*i - 2*l = -4*i - 28. List the prime factors of (1 + 0)/((-2)/i).
2, 3
Let g = 93 - -6. Let a = g - 43. List the prime factors of a.
2, 7
Let y = 629 + -303. List the prime factors of y.
2, 163
Suppose l = -3*n + 2*l + 11, -3*l + 3 = 3*n. Let x be 1 - (-5*n - 0). Suppose v - 4*w - x = 16, -3*v = 3*w - 66. List the prime factors of v.
2, 3
Let c = 11 - 8. Suppose c*x + 0*x - 171 = 0. What are the prime factors of x?
3, 19
Suppose 7*a - 1067 = 739. What are the prime factors of a?
2, 3, 43
Let c = -5482 + 7725. List the prime factors of c.
2243
Suppose 12*m - 32 = 4. Let r = 56 - m. List the prime factors of r.
53
Let f(o) = -3*o**2 - 7*o - 7. Let p be f(-4). Let m = p + 30. Suppose -3*k + 36 = -m. What are the prime factors of k?
13
Suppose 0 = b - 2*h - 614, 3*b - 4*b + h = -609. List the prime factors of b.
2, 151
Let l = -22 + 10. Let k(j) = -7*j + 12. What are the prime factors of k(l)?
2, 3
Let a = -29 + 24. Let g(k) = -k**3 - 3*k**2 + 10. What are the prime factors of g(a)?
2, 3, 5
Let a(v) = 10*v + 40. Let h be a(9). Suppose 0 = 133*n - h*n - 483. What are the prime factors of n?
7, 23
Let k be (0 - -2)/((-2)/(-3)). Suppose 0*z + 5*t = -z + 38, 3*z - 162 = -k*t. List the prime factors of z.
2, 29
Let y(i) be the third derivative of -5*i**6/144 - 7*i**5/120 - 7*i**4/24 - 10*i**2. Let v(h) be the second derivative of y(h). List the prime factors of v(-2).
43
Suppose -2*h - 1 = -h. Let r = 3 - h. Suppose 4*z - 48 = -r*o, 5*o + 1 = 4*z + 79. List the prime factors of o.
2, 7
Let w be 26/(-65) + (-944)/(-10). Suppose -166 = 3*t - 43. Let p = w + t. List the prime factors of p.
53
Suppose 0 = -2*m + m + 15. Let j = -13 + m. Suppose i - 39 = -j*i. List the prime factors of i.
13
Let p = 199 - 114. Let k be 2/6 - p/(-15). Suppose -k = -2*q + 54. What are the prime factors of q?
2, 3, 5
Suppose -195*a + 191*a = -1452. List the prime factors of a.
3, 11
Suppose -4*i + 2354 = 3*p, 1189 = 4*i + 5*p - 1161. List the prime factors of i.
2, 5, 59
Suppose 5*p - 2059 = -3*s, 0 = -2*p + 4*s + 317 + 491. Let t be 2/(-5) - p/(-25). Suppose -6*c + 4*c + 40 = -5*m, -2*c - m = -t. List the prime factors of c.
2, 5
Suppose m + 42 = -66. Let d = m + 157. What are the prime factors of d?
7
Let x = -42 - -23. Let u = -10 - x. Suppose -8*f - 28 = -u*f. List the prime factors of f.
2, 7
Suppose 336 = -2*x + 2*b - 7*b, -2*x - 336 = 4*b. Let l be (-704)/3 - (-1)/(-3). Let o = x - l. What are the prime factors of o?
67
Let i(c) = 233*c - 7. Let p be i(1). Suppose 0 = -6*u + 734 + p. What are the prime factors of u?
2, 5
Let t = 10 - 3. Let g(b) = 8*b**2 + 1 + 2 - 5*b**2 + 3*b - t*b. What are the prime factors of g(3)?
2, 3
Suppose -11*s + 13*s - 370 = 0. List the prime factors of s.
5, 37
List the prime factors of 195 + ((-87)/17 - 42/(-357)).
2, 5, 19
Suppose -12 = 4*u - 4*n, 2*u - 4*u - 2*n = 10. Let q be (202 - 4 - u)/2. Let g = 149 - q. List the prime factors of g.
2, 3
Let h be ((-63)/18)/(12/(-8) - -2). Let b(f) = 10*f**2 - 3 - f**2 + f**3 - 3*f + 13*f. What are the prime factors of b(h)?
5
Suppose -5*c = -0*c - 570. Suppose 532 + 548 = 15*n. Let z = c - n. List the prime factors of z.
2, 3, 7
Let f = -198 + 109. Let l = 38 - f. List the prime factors of l.
127
Suppose -11*v = -7*v - 60. Let s(h) = v - 3*h**2 + 10*h + 11*h**2 - 7*h**2. What are the prime factors of s(-12)?
3, 13
Suppose -5*c = -c. Suppose c = -l + 1 + 1. Suppose -l*j = -6*j + 180. What are the prime factors of j?
3, 5
Let j be (20/(-12))/((-2)/(-18)). Let x be (-185)/j + 1/(-3). Let k = 22 + x. List the prime factors of k.
2, 17
What are the prime factors of 3*(10024/78 + (-12)/(-78))?
2, 193
What are the prime factors of (808/10)/(1 + (-84)/90)?
2, 3, 101
Let g = 43 + -12. Let o = g + 35. List the prime factors of o.
2, 3, 11
Let c be (-2 - -2)/(-6)*-1. Suppose -4*j - 1348 = -5*z, c - 8 = 4*j. What are the prime factors of z?
2, 67
Let z = 1563 + -1109. What are the prime factors of z?
2, 227
Let u = -181 - -248. List the prime factors of u.
67
Suppose 3*q + 3*j = 2*j + 14, 0 = 3*q - j - 16. Suppose 10 = 5*f - 5*u, q*u + 7 = -0*f + 4*f. List the prime factors of 38 - ((-6)/f + -1).
41
Let i(x) = -56*x. Let c be i(3). Let y = c + 236. List the prime factors of y/(3*(-2)/(-3)).
2, 17
Suppose 0 = -8*x + 55 + 25. Let j(u) = 9 + 2*u - 10 - 4. List the prime factors of j(x).
3, 5
List the prime factors of (-3)/((-33)/3619) + (-1)/(-1).
2, 3, 5, 11
Let g = -15 + 17. Suppose -3*u + 139 = 5*r, 7*u - 245 = g*u - 5*r. List the prime factors of u.
53
What are the prime factors of (-6 - (-4)/2) + 2*51?
2, 7
Let j be 8 + -1*(0 + 3). Let q be 0/(5/(5/(-2))). Suppose -j*o - 56 + 196 = q. List the prime factors of o.
2, 7
Let k(n) be the third derivative of -n**6/30 + n**5/20 + 7*n**4/24 + 4*n**3/3 - 2*n**2 - 16. What are the prime factors of k(-4)?
2, 71
Let l = -9 - -21. Let c = l - 13. List the prime factors of c + -3 + (16 - 0).
2, 3
Let c(p) = 2*p**2 - 2*p + 3. Let f be c(1). Suppose f*g = -2*g + 875. What are the prime factors of g?
5, 7
Let t(c) = 3*c**2 + c + 1. Let d be t(-1). Let i(y) = -4 + d*y + 2 + 1 + y**2. List the prime factors of i(-8).
3, 13
Let v = 67 - 81. Let d(k) = 3*k - 6*k + 7 + 4. What are the prime factors of d(v)?
53
Let a = -28 - -22. List the prime factors of 112/a*3/(-2).
2, 7
Suppose 1675 = n + 3*r, 5*n + 3*r - 3726 = 4709. List the prime factors of n.
2, 5, 13
Suppose 3*w + 69 = 2*w. Let a be 4/(32/(-428))*1*-2. Let q = a + w. List the prime factors of q.
2, 19
Let g be (-6)/(-15) + (-4156)/(-10). Let d = g - 281. What are the prime factors of d?
3, 5
Let r(y) = 4*y**2 + 8*y + 4. Let n(l) = -l**2 - l. Let k(z) = -3*n(z) - r(z). List the prime factors of k(-3).
2
Let b(d) = -d**2 + 2*d + 5. Let z be b(7). Let x be (-5)/(-2)*(-24)/z. Suppose x = 2*o, -4*j + 128 = -3*o + 31. List the prime factors of j.
5
Let i = 55 - 41. Let f be (-1)/(i/(-120))*7. Suppose 0*h = h - f. What are the prime factors of h?
2, 3, 5
Suppose -5*r = -j - 0*j - 60, 2*r + 4*j - 2 = 0. Let d = r + 18. Suppose 0 = -2*y + d + 19. What are the prime factors of y?
2, 3
Let q = 273 + -203. What are the prime factors of q?
2, 5, 7
Suppose 3*b = j - 1983, 3*j - 5567 = 4*b + 382. List the prime factors of j.
3, 661
Suppose 3*o - 2*s + 74 = 0, 4*o + 38 = 3*o + 4*s. Let p = -36 + 77. Let f = p + o. List the prime factors of f.
19
Suppose 0 = d + l - 1428, -d + 70*l - 75*l = -1424. List the prime factors of d.
1429
Suppose 3*s = 2*j + 14557, 5*j + 0*s + 4*s + 36404 = 0. What are the prime factors of j/(-36) + 0 + (-4)/18?
2, 101
Suppose -5*k + 39 = -11. Let z be 2/k - 72/10. Let t = z + 13. List the prime factors of t.
2, 3
Let k(o) = o**3 + 15*o**2 + 17*o + 9. Let z be k(-14). Let c = z + 133. List the prime factors of c.
2, 5
Let v(j) = 23*j + 3. Let d be v(-2). Let h = d - -21. Let q = h - -48. List the prime factors of q.
2, 13
Let t = 318 + -34. What are the prime factors of t?
2, 71
Let r = 152 - -215. What are the prime factors of r?
367
Let t(d) = 3*d**3 + 12*d**2 + 6*d - 4. Let k be t(-5). Let l = k + 356. List the prime factors of l.
13, 19
Suppose s - 3*l + 4 = 0, 3*s + s - 3*l + 7 = 0. What are the prime factors of (37/(-3))/(s/3)?
37
Let t be 14*(-3)/(-2) + 1. Let g = 18 - t. Let h = g + 8. What are the prime factors of h?
2
Suppose 4 = -4*n, 0 = -u - 2*u + 3*n + 18. Suppose -h + 3 + u = 0. List the prime factors of h.
2
Let t = 520 - -875. List the prime factors of t.
3, 5, 31
Let y = -159 + 420. List the prime factors of y.
3, 29
Let a(t) = -2*t + 2*t - 2 - 2*t. Let v(c) = -4*c + 176. Let q be v(48). List the prime factors of a(q).
2, 3, 5
Let b = 94 + -25. What are the prime factors of b?
3, 23
Let t(l) = 56*l - 249. List the prime factors of t(6).
3, 29
Let r(v) = 40*v**2 + 10*v + 37. What are the prime factors of r(-4)?
7, 13
What are the prime factors of (5 - (-7)/((-35)/20))*365?
5, 73
Let t(l) = -48*l**3 - 2*l**2 + 3*l - 2. Let s be t(2). What are the prime factors of (s/(-6))/((-12)/(-18))?
97
What are the prime factors of (-2 + 30/9)/((-6)/(-954))?
2, 53
Let q(w) = -1 - 9*w - 3 + w - 3*w. List the prime factors of q(-3).
29
Let m(r) = r**2 - 4*r - 7. Let f be m(5). Let i be -2*((-3 - f) + -1). Suppose 1 = -i*t + 49. What are the prime fact